d 24888?
366
What is the greatest common factor of 75189 and 3408?
213
Calculate the greatest common factor of 221 and 167.
1
Calculate the highest common divisor of 115948 and 20172.
164
Calculate the greatest common factor of 1073482 and 34.
34
Calculate the greatest common factor of 13095 and 675.
135
Calculate the greatest common divisor of 266 and 24528.
14
What is the greatest common factor of 16 and 6071200?
16
What is the highest common divisor of 25494 and 252?
42
Calculate the highest common factor of 1248 and 600.
24
What is the highest common factor of 1440 and 292?
4
Calculate the greatest common factor of 8981 and 168.
7
What is the highest common divisor of 8657 and 2376?
11
Calculate the highest common divisor of 58 and 64322.
58
Calculate the greatest common factor of 491182 and 4.
2
What is the greatest common divisor of 504365 and 447?
149
What is the greatest common factor of 88 and 16918?
22
What is the highest common divisor of 546 and 6902?
14
What is the highest common divisor of 134 and 7734346?
134
What is the greatest common factor of 346 and 1112?
2
What is the highest common factor of 118316 and 33?
11
What is the highest common divisor of 3136 and 27584?
64
Calculate the highest common divisor of 942075 and 1537.
53
Calculate the greatest common divisor of 8685 and 9.
9
What is the greatest common divisor of 1425 and 13350?
75
Calculate the greatest common factor of 36768 and 1376.
32
Calculate the greatest common factor of 581856 and 144.
48
What is the highest common factor of 48732 and 248?
124
What is the greatest common factor of 8 and 134?
2
What is the highest common factor of 40 and 11905?
5
What is the greatest common divisor of 3089880 and 45?
45
What is the highest common factor of 212 and 646388?
212
What is the greatest common factor of 13611 and 7059?
39
What is the greatest common factor of 5990 and 35?
5
Calculate the greatest common divisor of 524638 and 2770.
554
Calculate the highest common divisor of 123751 and 188.
47
Calculate the greatest common factor of 96064 and 38.
38
What is the highest common factor of 54 and 10566?
18
What is the greatest common factor of 34 and 645303?
17
What is the greatest common divisor of 8274 and 17?
1
What is the greatest common factor of 790 and 310075?
395
What is the greatest common factor of 32928 and 434?
14
Calculate the greatest common divisor of 32982 and 276.
138
What is the highest common divisor of 927 and 4611207?
309
What is the greatest common factor of 59385 and 44400?
555
What is the highest common factor of 343497 and 1155?
231
What is the highest common factor of 1926 and 442124?
214
Calculate the greatest common factor of 287803 and 277.
277
What is the greatest common factor of 13 and 1624831?
13
Calculate the greatest common divisor of 62 and 99634.
62
Calculate the greatest common divisor of 46132 and 16.
4
What is the greatest common divisor of 1848 and 54054?
462
Calculate the greatest common factor of 37320 and 7080.
120
Calculate the highest common factor of 198510 and 750.
30
Calculate the highest common divisor of 2283 and 18.
3
Calculate the highest common factor of 73690 and 50.
10
What is the greatest common divisor of 122785 and 130?
65
What is the highest common divisor of 75 and 176325?
75
Calculate the greatest common factor of 768 and 1695360.
384
What is the greatest common factor of 7429 and 7144?
19
Calculate the highest common factor of 1130215 and 95.
95
Calculate the greatest common divisor of 1104 and 14208.
48
Calculate the greatest common divisor of 8 and 4564680.
8
What is the highest common factor of 136 and 181934?
34
Calculate the greatest common divisor of 61 and 3999343.
61
What is the highest common factor of 145 and 35177?
29
What is the greatest common factor of 123702 and 150?
6
Calculate the greatest common divisor of 35733 and 516.
129
What is the highest common factor of 224 and 5888?
32
What is the highest common divisor of 9152 and 31328?
352
What is the highest common divisor of 207 and 683307?
207
Calculate the greatest common factor of 40078 and 58.
58
Calculate the highest common divisor of 187 and 2827.
11
What is the highest common factor of 32 and 16108?
4
Calculate the greatest common factor of 263100 and 48.
12
Calculate the greatest common factor of 1232 and 48587.
77
Calculate the greatest common divisor of 308 and 74844.
308
What is the greatest common factor of 1309 and 54859?
119
What is the highest common factor of 47 and 1015999?
47
What is the highest common factor of 169347 and 114?
57
Calculate the greatest common factor of 868 and 448973.
217
Calculate the greatest common factor of 56 and 23744.
56
Calculate the greatest common divisor of 9 and 10779.
3
Calculate the greatest common divisor of 11076 and 5396.
284
Calculate the greatest common divisor of 11328 and 42.
6
What is the greatest common divisor of 349452 and 72?
36
What is the greatest common divisor of 83748 and 280?
28
Calculate the highest common divisor of 80 and 27620.
20
What is the greatest common divisor of 104850 and 450?
450
Calculate the greatest common divisor of 2016 and 128096.
32
What is the greatest common factor of 2000966 and 836?
418
What is the highest common divisor of 770058 and 2506?
358
Calculate the highest common factor of 497 and 401576.
497
Calculate the greatest common divisor of 553592 and 65.
13
What is the highest common factor of 96 and 246?
6
Calculate the highest common factor of 918 and 7718.
34
Calculate the greatest common factor of 4452340 and 69.
23
Calculate the greatest common divisor of 134354 and 4092.
682
What is the highest common divisor of 84063 and 1?
1
Calculate the highest common factor of 104 and 134672.
8
What is the highest common factor of 43523 and 7969?
613
What is the highest common factor of 636820 and 13940?
340
Calculate the greatest common divisor of 1488 and 7766244.
372
Calculate the greatest common divisor of 1510 and 10330.
10
What is the greatest common divisor of 6704 and 102655?
419
Calculate the greatest common divisor of 1 and 3717.
1
Calculate the greatest common factor of 255200 and 2784.
928
What is the highest common factor of 447776 and 1904?
112
Calculate the greatest common factor of 273205 and 2020.
505
Calculate the greatest common factor of 19931 and 304.
19
Calculate the greatest common factor of 157840 and 360.
40
What is the highest common factor of 50 and 49975?
25
What is the greatest common factor of 65939 and 12452?
283
What is the highest common divisor of 1834 and 22?
2
Calculate the highest common factor of 11896 and 16.
8
Calculate the highest common factor of 5008 and 555262.
626
What is the greatest common factor of 10840 and 7900?
20
Calculate the highest common divisor of 8160 and 290.
10
What is the greatest common divisor of 1386 and 1540?
154
Calculate the greatest common divisor of 938 and 89378.
134
Calculate the highest common factor of 198764 and 632.
316
Calculate the highest common divisor of 72 and 292872.
24
Calculate the highest common factor of 187359 and 76.
19
Calculate the greatest common divisor of 212 and 577382.
106
What is the greatest common factor of 34 and 68374?
34
Calculate the greatest common divisor of 98 and 2366.
14
Calculate the highest common factor of 34584 and 330.
66
What is the highest common divisor of 8754 and 4?
2
Calculate the greatest common divisor of 518 and 99106.
14
Calculate the greatest common divisor of 1313935 and 1085.
1085
Calculate the highest common factor of 8374 and 3922.
106
Calculate the highest common factor of 2356 and 3382.
38
Calculate the highest common divisor of 75 and 1245.
15
What is the greatest common factor of 54390 and 6882?
222
What is the highest common factor of 7852 and 2444?
52
What is the greatest common divisor of 375 and 1425?
75
Calculate the greatest common factor of 223 and 6143873.
223
Calculate the highest common factor of 745 and 14006.
149
What is the highest common factor of 8275 and 600?
25
Calculate the greatest common factor of 5577 and 18876.
429
What is the greatest common divisor of 14384 and 7656?
232
Calculate the highest common factor of 340 and 3536.
68
Calculate the highest common divisor of 70 and 73822.
14
Calculate the greate